y 523560.
32
Calculate the remainder when 9259 is divided by 4580.
99
What is the remainder when 7878506 is divided by 647?
634
What is the remainder when 48474 is divided by 136?
58
Calculate the remainder when 733140 is divided by 39.
18
What is the remainder when 32272 is divided by 56?
16
Calculate the remainder when 1703859 is divided by 340771.
4
Calculate the remainder when 90238 is divided by 4723.
501
What is the remainder when 47618954 is divided by 19?
14
Calculate the remainder when 220569 is divided by 223.
22
What is the remainder when 8025131 is divided by 15?
11
What is the remainder when 3416775 is divided by 1708385?
5
What is the remainder when 349911468 is divided by 16?
12
What is the remainder when 143522 is divided by 4949?
1
What is the remainder when 25144151 is divided by 808?
807
What is the remainder when 5482257 is divided by 16077?
0
What is the remainder when 60057 is divided by 280?
137
Calculate the remainder when 8429245 is divided by 98014.
41
Calculate the remainder when 538169 is divided by 868.
9
What is the remainder when 1858808 is divided by 166?
106
What is the remainder when 63532 is divided by 7696?
1964
What is the remainder when 11761 is divided by 288?
241
Calculate the remainder when 561597 is divided by 24416.
29
What is the remainder when 24154 is divided by 3862?
982
Calculate the remainder when 94079 is divided by 13437.
20
Calculate the remainder when 149466 is divided by 510.
36
Calculate the remainder when 41052560 is divided by 1111.
1110
Calculate the remainder when 2100596 is divided by 116696.
68
Calculate the remainder when 1421113 is divided by 5598.
4819
What is the remainder when 810204 is divided by 27937?
31
Calculate the remainder when 1215367 is divided by 375.
367
What is the remainder when 49146 is divided by 4998?
4164
What is the remainder when 1661292 is divided by 2004?
1980
What is the remainder when 8350383 is divided by 19?
16
Calculate the remainder when 706695 is divided by 3862.
3811
Calculate the remainder when 1580487 is divided by 175603.
60
Calculate the remainder when 4775624 is divided by 8.
0
What is the remainder when 63353481 is divided by 14?
9
Calculate the remainder when 133468925 is divided by 195.
5
Calculate the remainder when 13695004 is divided by 6847481.
42
What is the remainder when 83410361 is divided by 6434?
6419
Calculate the remainder when 32611 is divided by 1476.
139
What is the remainder when 148527285 is divided by 546?
543
What is the remainder when 6854605 is divided by 10?
5
Calculate the remainder when 21473 is divided by 5326.
169
What is the remainder when 22557704 is divided by 7343?
8
Calculate the remainder when 5580119 is divided by 1860034.
17
Calculate the remainder when 11470 is divided by 5309.
852
What is the remainder when 134920 is divided by 3200?
520
Calculate the remainder when 1552796 is divided by 50084.
192
What is the remainder when 43590684 is divided by 351?
345
Calculate the remainder when 52839056 is divided by 2469.
2456
What is the remainder when 8949 is divided by 8923?
26
Calculate the remainder when 573776 is divided by 966.
938
What is the remainder when 3954621 is divided by 7?
6
Calculate the remainder when 557492 is divided by 751.
250
What is the remainder when 29561275 is divided by 47?
14
Calculate the remainder when 31405 is divided by 1835.
210
Calculate the remainder when 10363108 is divided by 31.
25
Calculate the remainder when 47674 is divided by 94.
16
Calculate the remainder when 473926 is divided by 4352.
3910
What is the remainder when 401729217 is divided by 73?
70
Calculate the remainder when 173396 is divided by 1748.
344
What is the remainder when 32280426 is divided by 164696?
10
What is the remainder when 5165046 is divided by 5164971?
75
What is the remainder when 1700856 is divided by 16?
8
What is the remainder when 16705241 is divided by 168?
161
Calculate the remainder when 154794 is divided by 374.
332
What is the remainder when 35956745 is divided by 8409?
8270
What is the remainder when 5759600 is divided by 2605?
2550
What is the remainder when 43985306 is divided by 169?
14
Calculate the remainder when 104501420 is divided by 15.
5
Calculate the remainder when 1347330 is divided by 10207.
6
Calculate the remainder when 37841 is divided by 1653.
1475
Calculate the remainder when 449657 is divided by 449638.
19
Calculate the remainder when 11720 is divided by 547.
233
What is the remainder when 208906 is divided by 23200?
106
Calculate the remainder when 126054 is divided by 15298.
3670
Calculate the remainder when 1593359 is divided by 66.
53
Calculate the remainder when 687934 is divided by 687929.
5
What is the remainder when 49379367 is divided by 4489033?
4
Calculate the remainder when 52513548 is divided by 3357.
3354
Calculate the remainder when 387507 is divided by 1318.
15
What is the remainder when 2759884 is divided by 244?
0
What is the remainder when 905785 is divided by 452892?
1
Calculate the remainder when 5429812 is divided by 301656.
4
Calculate the remainder when 12744452 is divided by 87.
83
Calculate the remainder when 2311251 is divided by 322.
257
Calculate the remainder when 52870493 is divided by 465.
458
Calculate the remainder when 1320455 is divided by 39.
32
What is the remainder when 65916 is divided by 65887?
29
What is the remainder when 5980640 is divided by 5980615?
25
What is the remainder when 208342 is divided by 69?
31
Calculate the remainder when 13038889 is divided by 2818.
3
Calculate the remainder when 23755 is divided by 16831.
6924
What is the remainder when 130474 is divided by 1631?
1625
What is the remainder when 1302620 is divided by 1302618?
2
What is the remainder when 58237 is divided by 5812?
117
Calculate the remainder when 5839771 is divided by 37.
24
Calculate the remainder when 278322 is divided by 11596.
18
Calculate the remainder when 2036498 is divided by 4408.
2
What is the remainder when 1235812 is divided by 20939?
411
Calculate the remainder when 880986 is divided by 184.
178
What is the remainder when 42135768 is divided by 2932?
2928
Calculate the remainder when 368133 is divided by 52561.
206
Calculate the remainder when 447735 is divided by 447659.
76
Calculate the remainder when 1635413 is divided by 545134.
11
What is the remainder when 17375 is divided by 1258?
1021
Calculate the remainder when 69851 is divided by 6577.
4081
Calculate the remainder when 1859020 is divided by 178.
166
What is the remainder when 8031 is divided by 1465?
706
What is the remainder when 3452147 is divided by 98?
97
Calculate the remainder when 18900778 is divided by 3150129.
4
What is the remainder when 9670605 is divided by 1405?
1395
What is the remainder when 9972639 is divided by 5109?
4980
What is the remainder when 4334998 is divided by 1704?
22
What is the remainder when 4576322 is divided by 360?
2
What is the remainder when 516649 is divided by 282?
25
Calculate the remainder when 757179 is divided by 42064.
27
Calculate the remainder when 87401405 is divided by 87401397.
8
Calculate the remainder when 15546157 is divided by 460.
457
Calculate the remainder when 160198 is divided by 53325.
223
Calculate the remainder when 136696666 is divided by 69.
7
What is the remainder when 555563 is divided by 1025?
13
Calculate the remainder when 1425359 is divided by 33931.
257
What is the remainder when 1802376 is divided by 58138?
98
What is the remainder when 28172 is divided by 827?
54
Calculate the remainder when 333550 is divided by 2.
0
What is the remainder when 24443843 is divided by 42072?
11
What is the remainder when 52209671 is divided by 2900534?
59
What is the remainder when 1803709 is divided by 2961?
460
Calculate the remainder when 4912522 is divided by 16.
10
Calculate the remainder when 856849 is divided by 2543.
2401
What is the remainder when 166513 is divided by 527?
508
What is the remainder when 1310334 is divided by 525?
459
Calculate the remainder when 80821 is divided by 87.
85
Calculate the remainder when 90837 is divided by 6122.
5129
Calculate the remainder when 70689 is divided by 1531.
263
What is the remainder when 105923 is divided by 1005?
398
Calculate the remainder when 158996 is divide